{"id":967,"date":"2013-03-08T21:47:46","date_gmt":"2013-03-08T21:47:46","guid":{"rendered":"http:\/\/birdproductions.de\/?page_id=967"},"modified":"2024-06-22T18:40:50","modified_gmt":"2024-06-22T18:40:50","slug":"news","status":"publish","type":"page","link":"https:\/\/birdproductions.de\/?page_id=967","title":{"rendered":"News"},"content":{"rendered":"<p>(schau auch mal bei <a href=\"https:\/\/www.facebook.com\/friedrich.schapper\" target=\"_blank\" rel=\"noopener noreferrer\">Facebook<\/a> rein&#8230;.)<\/p>\n<p>22.6.24<br \/>\nBrandneues Digital Piano: Roland RP 701. Klavierunterricht an zwei Standorten in Berlin, in Friedrichshain und in Lichtenberg. Ein paar Slots sind gerade frei geworden !<\/p>\n<p><a href=\"http:\/\/birdproductions.de\/wp-content\/uploads\/2024\/06\/Roland-Klavier-scaled.jpg\"><img loading=\"lazy\" decoding=\"async\" class=\"alignnone size-medium wp-image-1469\" src=\"http:\/\/birdproductions.de\/wp-content\/uploads\/2024\/06\/Roland-Klavier-300x232.jpg\" alt=\"\" width=\"300\" height=\"232\" srcset=\"https:\/\/birdproductions.de\/wp-content\/uploads\/2024\/06\/Roland-Klavier-300x232.jpg 300w, https:\/\/birdproductions.de\/wp-content\/uploads\/2024\/06\/Roland-Klavier-1024x792.jpg 1024w, https:\/\/birdproductions.de\/wp-content\/uploads\/2024\/06\/Roland-Klavier-768x594.jpg 768w, https:\/\/birdproductions.de\/wp-content\/uploads\/2024\/06\/Roland-Klavier-1536x1188.jpg 1536w, https:\/\/birdproductions.de\/wp-content\/uploads\/2024\/06\/Roland-Klavier-2048x1584.jpg 2048w\" sizes=\"(max-width: 300px) 100vw, 300px\" \/><\/a><\/p>\n<p>1.12.21 Seit Sommer 2020 unterrichtet David Hirst bei uns am Musiklaboratorium Gitarre<\/p>\n<p>1.9.17 Seit kurzem gibt <a href=\"http:\/\/birdproductions.de\/wp-content\/uploads\/2017\/09\/Harry-Michael-Info.pdf\">Harry Michael<\/a> an meiner <a href=\"http:\/\/birdproductions.de\/?page_id=1190\">Musikschule<\/a> Schlagzeugunterricht<\/p>\n<p><a href=\"http:\/\/birdproductions.de\/wp-content\/uploads\/2018\/07\/Harry-Photo-1.jpg\"><img loading=\"lazy\" decoding=\"async\" class=\"alignnone size-medium wp-image-1381\" title=\"Harry Photo 1\" src=\"http:\/\/birdproductions.de\/wp-content\/uploads\/2018\/07\/Harry-Photo-1-300x199.jpg\" alt=\"\" width=\"300\" height=\"199\" srcset=\"https:\/\/birdproductions.de\/wp-content\/uploads\/2018\/07\/Harry-Photo-1-300x199.jpg 300w, https:\/\/birdproductions.de\/wp-content\/uploads\/2018\/07\/Harry-Photo-1-1024x682.jpg 1024w, https:\/\/birdproductions.de\/wp-content\/uploads\/2018\/07\/Harry-Photo-1.jpg 2048w\" sizes=\"(max-width: 300px) 100vw, 300px\" \/><\/a><\/p>\n<p>12.6.15 Heute gehn&#8217;wa feiern !!! Das neue Album von Tiefschwarz kommt raus. Ein Dankesch\u00f6n an mich steht auch drauf.<\/p>\n<p><a href=\"http:\/\/birdproductions.de\/wp-content\/uploads\/2015\/06\/IMG_2096.jpg\"><img loading=\"lazy\" decoding=\"async\" class=\"alignnone size-medium wp-image-1237\" title=\"IMG_2096\" src=\"http:\/\/birdproductions.de\/wp-content\/uploads\/2015\/06\/IMG_2096-300x300.jpg\" alt=\"\" width=\"300\" height=\"300\" srcset=\"https:\/\/birdproductions.de\/wp-content\/uploads\/2015\/06\/IMG_2096-300x300.jpg 300w, https:\/\/birdproductions.de\/wp-content\/uploads\/2015\/06\/IMG_2096-150x150.jpg 150w, https:\/\/birdproductions.de\/wp-content\/uploads\/2015\/06\/IMG_2096-1024x1024.jpg 1024w\" sizes=\"(max-width: 300px) 100vw, 300px\" \/><\/a><\/p>\n<p>10.6.15<br \/>\nVIP Coaching: Ich bin Experte darin das Beste aus Leuten heraus zu hohlen und ihnen zu helfen sich weiter zu entwickeln, egal auf welchem Level sie sind. Zur Zeit arbeite ich mit Basti Schwarz und Anthony Thet.<\/p>\n<p>9.5.15<br \/>\nDie Bassistin <a href=\"http:\/\/birdproductions.de\/wp-content\/uploads\/2015\/05\/Heike-Info.pdf\" target=\"_blank\" rel=\"noopener noreferrer\">Heike Becker<\/a> ist zu uns gestossen und wir bieten damit jetzt auch Bassunterricht an. Mein Ein-Mann Unterrichtsbetrieb entwickelt sich damit langsam zu einer <a href=\"http:\/\/birdproductions.de\/?page_id=1190\" target=\"_blank\" rel=\"noopener noreferrer\">Musikschule<\/a>. Hier geht&#8217;s zu unserer <a href=\"https:\/\/www.facebook.com\/musiklaboratorium\" target=\"_blank\" rel=\"noopener noreferrer\">Facebook Seite<\/a>.<\/p>\n<p>22.12.14<br \/>\nSeit November arbeitet Astrid Sch\u00f6ning f\u00fcr mich als Gitarrenlehrerin. Dadurch haben wir wieder mehr Kapazit\u00e4ten f\u00fcr Interessenten, denn ich war in letzter Zeit immer voll ausgebucht. Wir haben uns ein tolles Konzept \u00fcberlegt, bestehend aus Einzelunterricht,\u00a0Gruppenworkshops und einem Videokurs den ich letztes Jahr f\u00fcr get2play gemacht habe f\u00fcr das \u00dcben zu Hause.<\/p>\n<p><span style=\"font-size: 13px;\"> Hier gibt es mehr Info \u00fcber <a href=\"http:\/\/birdproductions.de\/wp-content\/uploads\/2014\/12\/Astrid-Info.pdf\" target=\"_blank\" rel=\"noopener noreferrer\">Astrid<\/a>\u00a0und <strong><a href=\"http:\/\/birdproductions.de\/?page_id=1137\" target=\"_blank\" rel=\"noopener noreferrer\">HIER<\/a><\/strong>\u00a0zu unserem Konzept.<\/span><\/p>\n<p><a href=\"http:\/\/birdproductions.de\/wp-content\/uploads\/2018\/07\/Astrid-mit-Sch\u00fclern-2-edit.jpg\"><img loading=\"lazy\" decoding=\"async\" class=\"alignnone size-medium wp-image-1380\" title=\"Astrid mit Sch\u00fclern 2 edit\" src=\"http:\/\/birdproductions.de\/wp-content\/uploads\/2018\/07\/Astrid-mit-Sch\u00fclern-2-edit-300x270.jpg\" alt=\"\" width=\"300\" height=\"270\" srcset=\"https:\/\/birdproductions.de\/wp-content\/uploads\/2018\/07\/Astrid-mit-Sch\u00fclern-2-edit-300x270.jpg 300w, https:\/\/birdproductions.de\/wp-content\/uploads\/2018\/07\/Astrid-mit-Sch\u00fclern-2-edit-1024x922.jpg 1024w\" sizes=\"(max-width: 300px) 100vw, 300px\" \/><\/a><\/p>\n<p><span style=\"font-size: 13px;\">19.12.14<\/span><\/p>\n<p><a id=\"js_i\" href=\"http:\/\/www.hannalene.com\/\" target=\"_blank\" rel=\"noopener noreferrer\" data-hovercard=\"\/ajax\/hovercard\/user.php?id=1474904824\">Hanna Brodersen<\/a>\u00a0(&#8220;Hannalene&#8221;)\u00a0had songwriting- and guitar-lessons with me for a long time and just released her first album. Have a listen ! Well done Hanna !<\/p>\n<p>30.10.14<\/p>\n<p>Hier geht es zu meinem neuen youtube Kanal:<\/p>\n<p><a href=\"https:\/\/www.youtube.com\/channel\/UCu27KkU25XYVwfaE_Q9TwoA\">Friedrich Schapper&#8217;s Musik Laboratorium<\/a><\/p>\n<p>17.9.14<\/p>\n<p>Irene kommt schon seit Jahren zu mir zum Gitarren-,Songwriting- und Musikproduktion \/ Arrangement Unterricht. Schaut mal hier rein:<\/p>\n<p><a href=\"http:\/\/www.globalrockstar.com\/artists\/irene-graziadei\" target=\"_blank\" rel=\"nofollow noopener noreferrer\">http:\/\/www.globalrockstar.com\/artists\/irene-graziadei<\/a><\/p>\n<p>4.3.14<\/p>\n<p id=\"watch-headline-title\"><a href=\"https:\/\/www.youtube.com\/watch?v=_OoevpPS0-k\" target=\"_blank\" rel=\"noopener noreferrer\">Dave Grohl on Off Camera &#8211; Advice to Aspiring Musicians<\/a><\/p>\n<p>20.1.14<\/p>\n<p><a href=\"http:\/\/www.youtube.com\/watch?v=T5Pn4LMJ9ZM\">http:\/\/www.youtube.com\/watch?v=T5Pn4LMJ9ZM<\/a><\/p>\n<p>Steve Vai interviewed by Justin Sandercoe. Fascinating stuff, especially when he talks about the mental side of things. Does remind me a lot of what Les Wise talks about at the \u201eDeliberate Musician\u201c.<\/p>\n<div><\/div>\n<p>7.11.2013<\/p>\n<p><a href=\"https:\/\/www.facebook.com\/irene.graziadei?directed_target_id=0\">Irene Graziadei<\/a>\u00a0hat gestern einen super Auftritt hingelegt beim\u00a0<a href=\"https:\/\/www.facebook.com\/openstageberlin?directed_target_id=0\" data-hovercard=\"\/ajax\/hovercard\/page.php?id=191089780938288&amp;extragetparams=%7B%22directed_target_id%22%3A0%7D\">Open Stage<\/a>Event von der Deutschen Pop Akademie. Irene kommt seit 7 Jahren zu mir zum Gitarren-, Songwriting- und Musikproduktionsunterricht. Sie hat hart an ihrer Kunst gearbeitet und das merkt man. Tolle Stimme, solide Begleittechnik an der Gitarre und eine interessante und fokussierte B\u00fchnenpr\u00e4senz. Vor allen Dingen hat sie es geschafft sich treu zu bleiben und Ihren eigenen Stil zu entwickeln und zu kultivieren. Letzteres ist verdammt schwer und so manch einer verliert sich und endet als Klon&#8230;Respekt ! Weiter so ! Ich bin gespannt wie die Reise weiter geht !<\/p>\n<p>Sie braucht jetzt dringend Musiker die ihr helfen die Arrangements ihrer Songs auch Live umzusetzten !! Meldet Euch bei ihr wenn Ihr Interesse habt !!\u00a0<a href=\"https:\/\/soundcloud.com\/irene-g-songs\" target=\"_blank\" rel=\"nofollow noopener noreferrer\" data-reactid=\".r[3odiq].[1][3][1]{comment10151693737882553_27225173}.[0].{right}.[0].{left}.[0].[0].[0][3].[0].[1]\">https:\/\/soundcloud.com\/irene-g-songs<\/a><\/p>\n<p><span style=\"font-size: 13px;\">7.11.2013 Wir stellen Bands zusammen. Bitte meldet Euch bei Interesse. Wir suchen noch besonders Leute die Bass und Schlagzeug spielen, aber auch Gitarristen\/innen und Bassisten\/innen sind herzlich willkommen.<\/span><\/p>\n<p>24.9.13 <span style=\"font-size: 13px;\">Meine Sch\u00fclerin Astrid Sch\u00f6ning<\/span><span style=\"font-size: 13px;\">\u00a0spielt bei Luna Simao Gitarre. Sind bei Warner unter Vertrag, wow !!\u00a0<\/span><a style=\"font-size: 13px;\" href=\"http:\/\/www.youtube.com\/watch?v=ewSmQ3BwzQY\" target=\"_blank\" rel=\"nofollow noopener noreferrer\">http:\/\/www.youtube.com\/watch?v=ewSmQ3BwzQY<\/a> Letzte Woche sind sie bei TV Total aufgetreten, diesen Donnerstag beim Bundesvision Song Contest. Hammer, oder ? Bin gespannt wie es weiter geht&#8230;..<\/p>\n<p><span style=\"font-size: 13px;\">3.4.13<\/span> <span style=\"font-size: 13px;\">Mein sehr f\u00e4higer Freund und ehemaliger Sch\u00fcler Philipp Elsner hat am Samstag nen Auftritt:\u00a0<\/span><a style=\"font-size: 13px;\" href=\"http:\/\/www.facebook.com\/events\/561331140578927\/\">http:\/\/www.facebook.com\/events\/561331140578927\/ K<\/a>ommt doch vorbei, bei der Gelegenheit k\u00f6nnen wir mal wieder quatschen.<br \/>\n<span style=\"font-size: 13px;\">15.3.13 Wer Musik aufnehmen m\u00f6chte sollte sich folgendes mal anschauen: <\/span><a style=\"font-size: 13px;\" href=\"http:\/\/www.reaper.fm\/\">http:\/\/www.reaper.fm\/<\/a><span style=\"font-size: 13px;\"> Sehr g\u00fcnstige Digital Audio Workstation, gar nicht teuer. Wurde mir sehr empfohlen. Wer es sich irgendwie leisten kann sollte gleich Logic Pro w\u00e4hlen. Wem das zu teuer ist kann sich ja mal Reaper anschauen. \u00a0\u00a0<\/span><\/p>\n<p>13.3.13 <a href=\"https:\/\/soundcloud.com\/friedrich-schapper\/berlin-late-night-jam\">Berlin Late Night Jam<\/a> Looking across Berlin from my studio on the 7th floor does occasionally provoke inspired jam sessions&#8230;. \ud83d\ude09<\/p>\n<p>Oktober 2012: Mein Mentor und ehemaliger Lehrer Les Wise, &#8220;world class educator&#8221;, ist ein weiser (wise = weise \u00a0\ud83d\ude09 ) \u00a0Mann. Wenn du ernsthaft daran interessiert bist dich zu verbessern &#8211; ob du nun performst, schreibst, spielst, singst oder produziert &#8211; dann solltest du mal hier vorbei schauen:\u00a0<a href=\"http:\/\/www.thedeliberatemusician.com\/\">http:\/\/www.thedeliberatemusician.com\/<\/a> Oder schau dir mal dieses Video an:\u00a0<a href=\"http:\/\/www.thedeliberatemusician.com\/vtp.html\">http:\/\/www.thedeliberatemusician.com\/vtp.html<\/a>Das Internet ist voll von Lobeshymnen \u00fcber diesen Mann und nicht zu unrecht. Damals am American Institute of Music hatte ich das grosse Gl\u00fcck lange Freitagnachmittags Gitarrensessions mit vielen langen inspirierenden und erhellenden Gespr\u00e4chen \u00a0mit dem grossen Mann verbringen zu d\u00fcrfen. Les sagt, vergiss Talent, es ist alles im Kopf und das entspricht auch meinen eigenen Erfahrungen als Lehrer und Musiker. Es klingt wie ein Klischee und es ist nur eine grobe Zusammenfassung, aber das Video ist wirklich sehr inspirierend. Schau es dir an !<\/p>\n<div><\/div>\n","protected":false},"excerpt":{"rendered":"<p>(schau auch mal bei Facebook rein&#8230;.) 22.6.24 Brandneues Digital Piano: Roland RP 701. Klavierunterricht an zwei Standorten in Berlin, in Friedrichshain und in Lichtenberg. Ein paar Slots sind gerade frei geworden ! 1.12.21 Seit Sommer 2020 unterrichtet David Hirst bei uns am Musiklaboratorium Gitarre 1.9.17 Seit kurzem gibt Harry Michael an meiner Musikschule Schlagzeugunterricht 12.6.15 [&hellip;]<\/p>\n","protected":false},"author":1,"featured_media":0,"parent":84,"menu_order":0,"comment_status":"open","ping_status":"open","template":"","meta":{"footnotes":""},"_links":{"self":[{"href":"https:\/\/birdproductions.de\/index.php?rest_route=\/wp\/v2\/pages\/967"}],"collection":[{"href":"https:\/\/birdproductions.de\/index.php?rest_route=\/wp\/v2\/pages"}],"about":[{"href":"https:\/\/birdproductions.de\/index.php?rest_route=\/wp\/v2\/types\/page"}],"author":[{"embeddable":true,"href":"https:\/\/birdproductions.de\/index.php?rest_route=\/wp\/v2\/users\/1"}],"replies":[{"embeddable":true,"href":"https:\/\/birdproductions.de\/index.php?rest_route=%2Fwp%2Fv2%2Fcomments&post=967"}],"version-history":[{"count":55,"href":"https:\/\/birdproductions.de\/index.php?rest_route=\/wp\/v2\/pages\/967\/revisions"}],"predecessor-version":[{"id":1470,"href":"https:\/\/birdproductions.de\/index.php?rest_route=\/wp\/v2\/pages\/967\/revisions\/1470"}],"up":[{"embeddable":true,"href":"https:\/\/birdproductions.de\/index.php?rest_route=\/wp\/v2\/pages\/84"}],"wp:attachment":[{"href":"https:\/\/birdproductions.de\/index.php?rest_route=%2Fwp%2Fv2%2Fmedia&parent=967"}],"curies":[{"name":"wp","href":"https:\/\/api.w.org\/{rel}","templated":true}]}}